-6 - (11 + -4) - 0.
-8
What is -10 - (-2 - 5 - -2)?
-5
What is -3 - (0 - (5 - 5) - -3)?
-6
What is -1 - (-2 + 5 - -1)?
-5
-4 + 0 + 4 - 5
-5
What is -6 - ((1 - -1) + (6 - 9))?
-5
-26 + 23 + 2 + -7
-8
What is the value of -6 + 7 + -2 + -1 - 1?
-3
What is the value of -1 + (2 - (1 + -5))?
5
Calculate 6 + 7 + 4 - 9.
8
1 - (-4 + 3) - 0
2
-3 + -10 + 21 + -2 + -2
4
Evaluate -7 + (20 - 10) + -1.
2
Calculate -1 + (-7 + 4 + -1 - -5).
0
What is -43 + 46 + (1 - 5)?
-1
Calculate 0 - (0 + -1) - (1 - 3).
3
What is 17 + -20 - (-1 + 0)?
-2
What is the value of -2 + 9 + 122 + -124?
5
Calculate 19 + -26 + (-7 - -12).
-2
Evaluate 1 + (-3 - -7) + -6 - -5.
4
Calculate 4 - (4 - (2 + 3 - 2)).
3
Evaluate -4 - (0 + 4 + -4).
-4
Calculate 5 + 0 - (-2 - (-5 + -1)).
1
Calculate (-49 - -45 - (-2 - 2)) + 4.
4
Evaluate (9 - 0) + -6 + 1.
4
What is -6 + (-5 - -10) + -3 + 2?
-2
What is the value of 20 - (17 + (-5 - 1))?
9
Calculate -7 + 0 - (1 - (18 + -13)).
-3
Evaluate -9 - (-8 + (13 - 9)).
-5
What is -2 - -3 - -6 - (3 + -1)?
5
Evaluate (4 - 10) + 5 - -5 - 1.
3
3 - (-1 + 4 + 0)
0
What is (-4 - -1) + (4 - -1) + 2?
4
What is (0 - (-8 - -4)) + -5?
-1
What is the value of (5 - 3) + -9 + -4 + 9?
-2
Calculate -2 + 0 + -13 + 12.
-3
9 + 1 + 0 - 9
1
What is -28 + 30 - (2 + (-2 - -2))?
0
(11 - (3 + 2)) + -3 - 4
-1
Calculate -2 - (-2 + 4 - -1 - 2).
-3
Evaluate 1 - (-11 - -5) - (-2 - 1).
10
-5 + (4 - (-1 + 2))
-2
What is the value of -1 + 11 + 1 + -2 - 5?
4
Calculate 2 + 0 - (-2 + 0 + 3).
1
Evaluate (-4 + 6 + -3 - 3) + 1.
-3
13 + (-9 - (-6 - -5))
5
Calculate 2 + (1 - (11 - 1)) + 4.
-3
-5 + -6 + 0 + (15 - -5)
9
What is the value of -3 - ((-4 - 0) + 2)?
-1
What is the value of (-8 - -4) + 3 + -2?
-3
Calculate 33 - 36 - (-2 - (1 - -1)).
1
What is the value of 1 + -5 + (-28 - -30) - 1?
-3
Evaluate -5 + (9 - (24 + -9)).
-11
-2 - (3 - (1 + (2 - -3)))
1
What is 4 - (3 + (7 - 20) + 6)?
8
Calculate 16 + 13 + -26 - (2 - 1).
2
What is 5 + -14 + 4 + 8 - 2?
1
6 + 5 + -2 + -6
3
Calculate 11 - (6 + 6) - 6.
-7
Calculate -1 + 5 + -5 - (1 - 2).
0
Evaluate (3 - -3) + (-4 - (6 - 2)).
-2
6 + -8 + (-2 - 1)
-5
What is the value of 0 + (16 - 7) - 7?
2
Evaluate 2 - 3 - (-5 + 2 - 2).
4
What is 1 - (-5 + 6 + (-1 - 1))?
2
What is the value of 1 + 3 - (11 - 6)?
-1
Evaluate 10 + (-15 - -10) + -11.
-6
What is the value of -7 - 0 - (73 + -83)?
3
1 - 5 - (-9 + -3 + 3)
5
-5 + -12 + 10 + (10 - 1)
2
What is (-1 - 3) + 2 + 17 + -13?
2
Evaluate (-1 - -2) + (-1 - 5).
-5
(50 - 60) + 0 + 16
6
-9 - (0 - 0 - 4)
-5
Calculate (17 + -1 - (24 + -17)) + -4.
5
3 + 4 - (-3 + -2 - -5)
7
0 - (-3 - (0 - 5)) - -4
2
(-5 - 1) + (33 - 29)
-2
What is the value of (3 - 4) + 4 - 0?
3
6 + -1 + -4 + 0 + 2
3
What is (-2 - -3) + 2 - 6 - 0?
-3
What is (-2 - -5) + 8 + -9 - 3?
-1
Evaluate 3 + (-4 - 2) + (0 - -7).
4
Calculate 16 - 22 - (-1 + (-1 - -1)).
-5
Evaluate -1 - (-2 + 2 + -4).
3
What is (0 - (0 + -4)) + -10 - -1?
-5
What is (-60 - -66) + (0 - 8)?
-2
What is 2 + 2 + (-12 - -9)?
1
What is the value of (-1 - 5) + -2 + 5?
-3
Calculate 4 + (-2 - 2) - 6.
-6
Calculate (-2 - -3) + -4 - (4 - 5).
-2
What is -2 - (2 - (-1 + 6)) - -5?
6
What is the value of 7 - (15 - (-4 + 5))?
-7
Calculate 5 + -6 - (1 - -3) - 0.
-5
Calculate -4 - (-3 - -8 - (10 - -1)).
2
What is -4 + 1 - (17 - (3 + 16))?
-1
What is the value of (-5 - -8) + (0 - 2)?
1
What is the value of 4 + 1 + (2 + -6 - -6)?
7
Calculate 5 + (-20 - -1) + 4.
-10
What is -29 + 15 + -6 + 11?
-9
What is -2 + (2 - 5) + 0?
-5
What is the value of (15 - 10) + (-2 - (-5 - -3))?
5
Calculate -7 - -5 - -7 - 11.
-6
What is -1 - (2 + (1 - 4))?
0
What is 4 + (-12 + 26 - 26)?
-8
What is the value of -2 + -9 + 72 + -66?
-5
What is -2 - (-2 - (-3 + (-5 - -11)))?
3
What is the value of 4 + (-8 - -11) + -4?
3
What is (-4 - (4 - 2)) + 1?
-5
Evaluate (0 - 2) + (7 - 2).
3
What is the value of 2 + -3 + -2 + 3 + -5?
-5
Evaluate (4 - 5) + 7 + -3 + -7.
-4
Calculate 9 + (-5 - -7) + (-29 - -10).
-8
Evaluate 2 + (9 - (3 + (-7 - -8))).
7
13 + 4 + (-9 - -1)
9
(-22 - -20) + (-1 - 1) + -4
-8
What is the value of 18 + -18 - (0 + 4)?
-4
What is -4 - (4 + (-6 - (6 - 2)))?
2
What is the value of 7 + -2 + (-7 - -3) + -4?
-3
What is the value of 2 + -3 - (-4 - -9)?
-6
What is 3 - ((0 - 3) + 8)?
-2
Evaluate 0 + -6 + 15 + -10.
-1
What is 4 - (8 + 8 + -14) - 13?
-11
What is the value of 1 + 7 - (2 - 3 - -8)?
1
What is the value of -2 - (-2 - -1) - (13 - 11)?
-3
What is (-1 - -6) + (-2 - 5 - -5)?
3
What is the value of -1 + (-1 - (-3 - 3))?
4
(2 - 3) + 1 - (0 + -1)
1
What is 6 + -9 - (0 - 1)?
-2
What is the value of -4 - (-1 + -2 + 2)?
-3
Calculate (-1 - -5) + -13 + 3.
-6
-3 + (3 - 0) - -4 - 0
4
3 - (4 + 0 - (-1 + 1))
-1
What is the value of (0 - -5) + (4 - 0 - 3)?
6
What is the value of 4 + (2 + -4 - 0 - 4)?
-2
Calculate (-2 - -7) + (-7 - -19 - 17).
0
What is the value of (2 - 3 - -2) + (-4 - -1)?
-2
What is the value of (1 - 10) + 19 - 6?
4
Evaluate 4 - (-4 + 0 + 4 - 0).
4
Evaluate -1 + (1 - 6) + 3.
-3
10 + 11 + -17 - (-1 - -5)
0
Calculate -1 + 3 - (-30 + 34).
-2
What is the value of 4 - (3 - 0 - -2)?
-1
Calculate 7 + (-2 - (0 - -11)).
-6
What is the value of -4 + -7 - -4 - -2?
-5
What is the value of (13 - 3) + (1 - 4)?
7
What is 8 + 1 - 16 - 1?
-8
What is the value of 0 + 0 + 2 + -8 + 9?
3
Calculate -5 + 19 + (5 - 9).
10
What is the value of -3 + 2 + 5 + 2?
6
Calculate ((0 - -7) + 2 - 7) + 1.
3
What is the value of 6 + -2 + -9 + -2?
-7
What is the value of 2 + 4 + -9 + 2 + -2?
-3
What is the value of -8 + (21 - 10) - (7 - 2)?
-2
Evaluate 2 - (5 + -6) - 0.
3
Calculate -2 + -3 + 0 + 11.
6
(-5 - 1) + (8 - 2) + -5
-5
What is (4 - 5 - 5) + 2 + 8?
4
-6 - ((-2 - -6) + -5)
-5
Evaluate (0 - 2) + (-17 - -19).
0
What is (-6 - -1) + (-8 - (-38 + 22))?
3
What is 6 - 6 - (4 + 0)?
-4
-5 - (3 + -1) - (-13 + 9)
-3
What is the value of 1 + (-3 - 2) + 4?
0
What is the value of (-1 - 5) + (-11 - -20) + 3?
6
Evaluate -8 - ((4 - 1) + (9 - 15)).
-5
What is 8 + -23 + 11 - -4?
0
What is the value of -1 - (-6 + 3 + -2) - 1?
3
Evaluate -6 - (-3 - (5 - -2)).
4
-3 + (-17 - -10) + 6
-4
Evaluate 21 + -16 - (11 + 0 + 0).
-6
What is the value of 22 + -23 + 5 + -1?
3
What is the value of (1 - -6 - (-1 - -4)) + -13?
-9
Calculate (-6 - -7 - 2) + -1 + 0.
-2
Evaluate 2 + (-4 - -1) + -1 + 1.
-1
What is 1 + -1 - (19 + 17 + -30)?
-6
Evaluate 5 + 2 - (0 - (2 - 4)).
5
What is -6 + (-2 + 7 - (4 + 0))?
-5
Calculate 4 - (-2 + 7 - (3 + 0)).
2
What is the value of 1 + -1 + (-5 - -4) + 3?
2
Evaluate -7 + 1 + 5 + (-4 - -3).
-2
What is the value of (-7 - (-2 + -6 + 7)) + 0?
-6
(4 - (2 + 5)) + 0
-3
Calculate -3 - (6 - 7 - 0).
-2
What is the value of -3 + -2 + 5 - 6?
-6
Calculate 2 + -4 + 9 + -4 + 3.
6
What is the value of (-5 - -9) + -2 + 1 - 0?
3
7 - (6 - -2) - -6
5
-4 + (8 - (4 + -1)) + -5
-4
-3 + (5 + 3 - 3)
2
What is -9 + 9 + (2 - 5) + -2?
-5
Calculate -11 + -2 + 6 - -3.
-4
Calculate (-5 - -2) + (0 - 1 - 1).
-5
Evaluate (-2 - (11 - 6)) + (4 - -1).
-2
What is the value of 2 - ((-3 - -2) + 2 - 3)?
4
What is -3 + 2 + 0 + -6 + 2?
-5
What is 1 + -4 + 0 + 1?
-2
What is the value of (10 + -5 - 6) + 4?
3
What is -1 + 1 + (3 - (-2 + 3))?
2
What is (-14 - -16) + 1 + -6?
-3
What is the value of 2 + (1 - (3 - -2)) + -1?
-3
What is (-9 - -3) + (-1 - -3)?
-4
(-8 - (-7 + -2)) + 3 + -7
-3
3 - ((1 + -1 - 1) + 4)
0
What is the value of 1 + -2 - (-5 - -1)?
3
Evaluate 3 + 1 - (22 - 14).
-4
Evaluate -1 + (-1 - (-4 + 3) - 3).
-4
What is 1 + -2 + 21 + -18 + 2?
4
What is the value of (-7 - -14) + -1 + -2?
4
Calculate (-4 + -1 - -4) + -2 + -1.
-4
Evaluate -3 + 3 + -4 - (-1 + 0).
-3
(-56 - -73) + (-2 - (1 + 4))
10
Evaluate -6 + 7 + 1 + (-1 - 3).
-2
What is the value of -4 - ((-4 - -7) + -12)?
5
What is the value of (7 - 13) + 0 - 0?
-6
What is the value of (-1 - -10) + (-3 + -9 - -6)?
3
What is -1 + (7 - (7 - 8)) + -8?
-1
Calculate -1 - (-7 - -16) - -8.
-2
-14 + 4 + (9 - 4)
-5
1 - (8 - 9) - (1 + 0)
1
What is the value of -1 + 3 + -7 + 9?
4
What is the value of -3 + (3 - 1) + 3?
2
15 + -10 + (-1 - (1 - 3))
6
What is -5 + (2 - (-1 + 2 + 0))?
-4
What is -4 - -7 - (-1 + 10 + -2)?
-4
-1 - -1 - (-3 - -3) - 1
-1
What is the value of (11 - (2 + 0 + 3)) + -10?
-4
What is -7 + 7 - (-1 + -3)?
4
4 - (10 - 12 - -8)
-2
Calculate 2 + -4 + (3 - (3 - 6)).
4
What is -9 + 4 - (1 + -3 - 3)?
0
Calculate (9 - 14) + 4 + 5.
4
(-8 - -14) 